 s(a). Let n(w) = w**2 + 3*w + 3. Calculate n(y).
1
Suppose -6 = -d - 1. Let f(z) = z**2 + 2*z - 21. Let v be f(-6). Suppose -d*y + 7 = 2*a, 3*y - v = -2*a - 2. Let q(u) = u**2 - u - 3. What is q(y)?
3
Let m(x) be the third derivative of x**6/120 - x**5/5 + 13*x**4/24 - 13*x**3/6 + 111*x**2. Give m(11).
9
Let q(u) be the third derivative of -u**8/20160 - u**7/720 - u**6/144 - u**5/30 + 7*u**2. Let c(m) be the third derivative of q(m). Calculate c(-4).
7
Suppose -2*u + u + z + 5 = 0, -4*u + 5*z = -23. Let y(w) = -175*w + u - 1 + w**2 + 173*w. Calculate y(4).
9
Suppose 0 = d + 4*d + 30. Let m be ((-2)/d)/(16/96). Let a(f) = 4*f**2 + 0*f**2 - 5 - 5*f**m + 6*f. Give a(5).
0
Suppose 5*h - 10 = -2*g, -1 - 1 = 2*g + 2*h. Suppose 2*x = -2*a - x + 13, a = 5*x - 13. Let f(m) = -m**3 + 4*m + 1 + m + m**2 - 2*m**a - 3*m**2. Determine f(g).
1
Let n(o) be the first derivative of o**4/4 + o**3 + o**2 + o + 1. Let q = 20 - 13. Suppose -5*z = q + 8. What is n(z)?
-5
Let q(z) be the second derivative of -20*z - 7/2*z**2 - 1/6*z**3 - 1/20*z**5 + 0*z**4 + 0. What is q(0)?
-7
Let b be (-14)/(-4)*(-1 + 84/49). Let f(y) be the second derivative of 0 + b*y**2 + 1/3*y**4 + 3*y - 1/20*y**5 + 1/6*y**3. Calculate f(4).
9
Let q = 10 + -5. Let w(b) = b - 247*b**3 - 4 + 123*b**3 + 5*b**2 + b + 123*b**3. Calculate w(q).
6
Let d(i) = -i - 10. Let n be d(-6). Let y(j) be the second derivative of -2*j**3/3 - j**2/2 + 7*j - 2. What is y(n)?
15
Let q(y) = y**3 - 3*y**2 - 4*y + 2. Suppose -b + 6 + 2 = i, -2*b = -2*i. Suppose -n = -i*w - 23, 143 = 4*n + 3*w - 2*w. Let o be 8/(-5)*n/(-14). Give q(o).
2
Let v be (0 - -4) + -1*2. Let w be (1/2*v)/1. Let g(j) = 2*j + 27*j - 53*j + 28*j - 1. What is g(w)?
3
Let o(j) be the second derivative of 1/6*j**3 + 2*j + 0 - 1/60*j**5 - 1/8*j**4 - 4*j**2. Let d(m) be the first derivative of o(m). What is d(-2)?
3
Suppose -5*b + 47 = 2. Suppose -b*x + 2*x = 42. Let j(c) = c**3 + 5*c**2 - 4*c + 6. Give j(x).
-6
Let a(t) = 17*t + 3 + 9*t**2 - 6 + 3. Suppose 4*q = -17 - 7. Let y(z) = -2*z**2 - 4*z. Let p(v) = q*a(v) - 26*y(v). Give p(2).
-4
Let p(i) be the third derivative of -i**5/60 - i**4/24 + 11*i**3/6 + 145*i**2. Give p(0).
11
Let a(n) = 10 + 10*n + 10*n - 26*n + 9*n - 8. Calculate a(8).
26
Let y be (1 - 15/9)*(-2 + 8). Let z(o) = 14*o + 51. What is z(y)?
-5
Let l(o) = 2*o**2 - 3*o - 2. Suppose t - 2*r - 6 = 0, -2*r - 18 = -3*t - 0*t. Let p be 3/t*(7 - 1). What is l(p)?
7
Let o(p) = -2*p**2 + 12*p + 27. Suppose -2 + 5 = g. Let m(q) = -q**2 + 6*q + 13. Let k(t) = g*o(t) - 7*m(t). Give k(7).
-3
Let m(b) be the second derivative of 1/20*b**5 + 5/2*b**2 + 1/2*b**3 - 1/2*b**4 + 0 + 13*b. Determine m(5).
-5
Let r(g) = 4*g + 9. Let t(y) = -6*y - 14. Let h(m) = 7*r(m) + 5*t(m). Suppose 3*k - 5*v = -0*k + 91, 3*k - 2*v - 76 = 0. Suppose k = -4*j - 2. Determine h(j).
5
Let l(r) = -r**2 + 4. Let p = -30 - -27. Let v(x) be the third derivative of -x**4/24 - x**3/6 - 8*x**2. Let g(t) = p*v(t) + l(t). Give g(5).
-3
Let y(j) be the third derivative of j**6/120 + 7*j**5/60 + 3*j**4/8 + 3*j**3/2 + 64*j**2 + 1. Give y(-6).
-9
Let s(m) = m**3 - 6*m**2 + 4*m + 5. Let k be s(4). Let f(b) = -b**3 - 10*b**2 + 10*b + 8. Determine f(k).
19
Let s(x) = -66. Let g(z) = z + 33. Let m(a) = 5*g(a) + 3*s(a). Give m(7).
2
Let s(g) be the third derivative of -11*g**5/60 - g**3/6 - 55*g**2 - 1. Calculate s(-1).
-12
Let s(j) = 13*j + 433. Let r be s(-33). Let a(l) = 12*l + 2. What is a(r)?
50
Suppose -v - 13 = -16. Suppose v*k - 23 = 1. Let x(t) = -t**3 + 7*t**2 + 10*t - 9. Give x(k).
7
Let m(b) be the first derivative of b**2/2 + 5*b + 6. Let v(o) = o + 10. Let k(x) = 5*m(x) - 3*v(x). Let n(j) = j - 2. Let c be n(6). Give k(c).
3
Suppose 132 - 186 = -9*h. Let y(s) = s**3 - 7*s**2 + 6*s - 4. Determine y(h).
-4
Let s(j) = 3*j**3 - 6*j**2 - 3*j - 11. Let r(p) = -p**3 + 3*p**2 + 2*p + 5. Let l(o) = 5*r(o) + 2*s(o). Calculate l(-3).
-9
Let v be 0 - -1 - (2 - -2). Let i(h) be the first derivative of -8 + 1/4*h**4 + 0*h + 2/3*h**3 - h**2. What is i(v)?
-3
Suppose 4*p - 8 = -2*u, -9*p + 5*u - 2 = -10*p. Let a(s) = 3*s + 6. Give a(p).
12
Let p(j) = -1. Let f(n) = 4*n - 8. Let w(b) = f(b) + 5*p(b). Give w(4).
3
Suppose -8*l + 10*l - 10 = 0. Let y(w) be the third derivative of 0 - 1/12*w**4 + 0*w - l*w**2 - 2/3*w**3. Determine y(-5).
6
Let i(n) = -n**3 - 5*n**2 + 2*n + 12. Let a(s) = -4*s**2 - 56*s - 5. Let u be a(-14). Determine i(u).
2
Let j(v) = -v**2 + 28*v - 185. Let z be j(18). Let r(a) = a**3 + 6*a**2 + 5*a + 4. Determine r(z).
4
Let m(d) = -d + 11. Suppose 4*h = 4*a - 20, -a + h - 3*h = -20. Let j be m(a). Let o(l) = -2*l + 1. Let u(p) = p. Let y(s) = o(s) - 3*u(s). Calculate y(j).
-4
Let v(w) = 2*w - 12. Let z be 2 + -2 + 33/(-11) + 8. What is v(z)?
-2
Let d = 17 + -11. Let x(a) = -a**3 - a**2 + a - 2. Let y be x(-2). Let s(m) = -4 + y*m - 15 + 6 + m. Give s(d).
-7
Let j(n) = -n - 3. Let k(g) = g**2 + 9*g - 7. Let w(d) = -3*j(d) - k(d). Calculate w(-9).
-11
Let w be (1/1 - 5)*-1. Let t(u) = 6 + w*u**2 - 7 - 5*u**2 - 4*u. Let g be 4/10 - 17/5. What is t(g)?
2
Let h be 5/2 + 10*11/220. Let v(o) be the second derivative of 1/3*o**h - o + 0*o**2 + 0. What is v(3)?
6
Let h(l) = -l**3 + 14*l**2 - 15*l - 18. Let v = 175 + -162. Calculate h(v).
-44
Let u(g) = 3*g**3 + 4*g**2 + 3*g + 1. Suppose 13*z - 6 = 16*z. Determine u(z).
-13
Suppose 0 = -4*q - 3*b + 23, 0*b + 4*b = q + 18. Suppose q*s = -s + 51. Let v(o) = s*o + o**2 - 13*o - 1 - 7. Calculate v(-6).
4
Let z(x) = 132 + 134 - x - 264. Calculate z(-3).
5
Let a be (-2)/(12/44*(-4)/6). Let y(i) = 7 + a*i**2 - 10*i**2 - 18 - 6*i. Determine y(8).
5
Let x(m) = -m**3 + m**2 + m - 6. Suppose -w - 10 = -3*w. Suppose 0 - w = h, -12 = b + 3*h. Suppose 0 = -b*i - 2*k - 8, i + 3*k + 0 = -12. Calculate x(i).
-6
Let n(s) = 11*s**2 - 10*s - 23. Let r(o) = -7*o**2 + 7*o + 15. Let x(v) = 5*n(v) + 8*r(v). Let u be ((-5)/2)/(4/(-16)). Let q be 1/5 - (-58)/u. Calculate x(q).
5
Let s = 3223 + -3218. Let q(x) = x**2 - 3*x - 13. Give q(s).
-3
Let n(q) = -5*q**2 + 173*q - 95. Let d be n(34). Let k(g) be the first derivative of -g**3/3 + 7*g**2/2 + 7*g + 1. What is k(d)?
7
Let w(x) be the third derivative of -x**6/120 + x**5/15 + x**4/8 + 5*x**3/6 + 2*x**2 - 187*x. Determine w(5).
-5
Let p(h) = h**3 + 7*h**2 + 5*h - 1. Let w(z) = -4*z - 18. Let a be w(-3). What is p(a)?
5
Let y(m) = -6*m + 8*m**2 - 7*m**2 + 6*m + 1. Give y(3).
10
Let x(s) = s**3 - 3*s**2 + 11*s - 4. Let y(k) = k**3 - 4*k**2 + 10*k - 3. Let q(d) = -4*x(d) + 5*y(d). What is q(7)?
-6
Let s(d) = d**3 - 6*d**2 + d - 2. Let t be 3/((-6)/7)*(-296)/259. Calculate s(t).
-30
Let u(w) = -w**3 - 12*w**2 - 12*w - 11. Let c be u(-11). Let b(q) be the first derivative of -q**3/3 - q**2/2 + q + 6. What is b(c)?
1
Let d(r) = -r**3 + 5*r**2 - r - 1. Suppose 0 = -j - 5 + 10. Calculate d(j).
-6
Let c(v) = -4*v**3 - v + 3. Let w be (-4)/(-6)*(-45)/10. Let f(p) = 3*p**3 - p**2 + p - 2. Let d(n) = w*f(n) - 2*c(n). Determine d(3).
-3
Let n(k) = k**3 - 25*k**2 + k - 19. Suppose -40 = -2*t + 2*h, t + 2*t - h - 70 = 0. Let u be n(t). Let q(o) = o**2 - 8*o - 1. Calculate q(u).
-13
Let f(v) = 2*v**3 + 9*v**2 + 4*v - 18. Let w(b) = b**3 + 10*b**2 + 3*b - 18. Let g(i) = -2*f(i) + 3*w(i). Give g(12).
-6
Let b(c) = c**2 - 9*c - 16. Let p be b(10). Let k(u) = -6*u + 8. Let t(a) = 7*a - 9. Let y(q) = p*k(q) - 5*t(q). What is y(-3)?
-6
Let c(v) = -v**3 + 9*v**2 - 17*v + 2. Let j be c(5). Let q(z) = 13 + j - 33 - 5*z. Calculate q(4).
-23
Suppose 6*l + 760 = -4*l. Let w = 75 + l. Let r(b) be the first derivative of 2*b**3/3 + b - 2. Calculate r(w).
3
Suppose -c = -4*i + 4, -2*i - 16 = 4*c - 0*c. Let u(g) be the first derivative of 2*g + 0*g**3 + 1/4*g**4 + 1/2*g**2 - 2. What is u(i)?
2
Let p(v) = -3*v**3 - v**2 - 6*v - 2. Let a(o) = -8*o**3 - 2*o**2 - 14*o - 3. Let n(g) = -2*a(g) + 5*p(g). What is n(4)?
36
Let p(d) = -17*d - 3 + 40*d - 9*d - 12 - 15*d. Determine p(-14).
-1
Let y be (-1 - 0)*-3 - 1/1. Let c(r) = 29 + 0*r**y + 10*r - r**2 - 11 - 21. Give c(7).
18
Let c(o) = 3*o**2 + 12*o - 61. Let w be c(3). Let b(u) be the second derivative of u**3/6 - u**2/2 - 2*u. Give b(w).
1
Let h(q) be the first derivative of -q**4/4 + 5*q**3/3 - q**2/2 + 2*q + 1297. Let y be -2 - (-6 + (-2 - -1)). Calculate h(y).
-3
Let o be (12/(-30))/(0 +